1
What is -2302132 (base 4) in base 8?
-26236
547 (base 10) to base 8
1043
What is 2013 (base 12) in base 10?
3471
-1010210 (base 3) to base 2
-1100111111
40b (base 14) to base 7
2214
What is -13705 (base 11) in base 2?
-100110000011110
What is 248 (base 9) in base 11?
178
What is 228b (base 12) in base 15?
121b
-43472 (base 8) to base 5
-1040414
14719 (base 14) to base 15
100ac
Convert -13223210 (base 4) to base 13.
-11420
What is 10011110101 (base 2) in base 16?
4f5
Convert -12001 (base 4) to base 3.
-112021
Convert 1001101110100 (base 2) to base 13.
2361
5db (base 15) to base 10
1331
What is -2c9c (base 13) in base 4?
-1212113
What is 2247 (base 8) in base 6?
5303
12b (base 15) to base 10
266
-16453 (base 8) to base 13
-3525
What is 10000000 (base 2) in base 14?
92
Convert 30645 (base 7) to base 9.
11286
234 (base 13) to base 7
1053
What is -233533 (base 6) in base 8?
-47501
3200 (base 4) to base 10
224
What is 3224 (base 10) in base 5?
100344
Convert 3333111 (base 4) to base 3.
211102020
What is -36754 (base 8) in base 5?
-1001402
What is 2104 (base 5) in base 13?
186
What is 18a5 (base 14) in base 7?
15665
Convert 110011110010 (base 2) to base 4.
303302
What is -21211 (base 3) in base 16?
-d3
Convert 151 (base 7) to base 4.
1111
Convert -1a94 (base 15) to base 5.
-141024
-1000110110110111 (base 2) to base 4
-20312313
-40233 (base 5) to base 8
-5010
Convert -18cc (base 13) to base 9.
-5080
Convert -35474 (base 9) to base 3.
-1012112111
11030 (base 4) to base 5
2312
What is 1411223 (base 5) in base 3?
1110200210
-1061 (base 11) to base 13
-837
-659 (base 14) to base 16
-4e7
1312 (base 6) to base 9
408
Convert -1299 (base 12) to base 15.
-973
What is -1989 (base 10) in base 16?
-7c5
What is 5087 (base 10) in base 15?
1792
8749 (base 11) to base 8
26434
Convert -12323011 (base 4) to base 3.
-1102220021
Convert 6674 (base 10) to base 15.
1e9e
Convert 247 (base 10) to base 5.
1442
Convert 30626 (base 7) to base 8.
16535
Convert ea7 (base 15) to base 7.
12433
Convert 621 (base 7) to base 4.
10311
Convert -571 (base 8) to base 2.
-101111001
What is 3098 (base 13) in base 12?
3a78
What is 200221 (base 5) in base 12?
379b
-10201211 (base 3) to base 14
-dc6
Convert -20626 (base 7) to base 14.
-1c16
What is 90bc (base 16) in base 12?
19538
Convert -372 (base 8) to base 13.
-163
-6656 (base 7) to base 14
-c2d
Convert -57b8 (base 12) to base 16.
-263c
-313 (base 9) to base 11
-212
What is -2213 (base 13) in base 12?
-28b8
1350 (base 11) to base 15
7b9
What is 1001101001010 (base 2) in base 13?
232b
77db (base 15) to base 13
b744
What is -368 (base 12) in base 9?
-628
3024 (base 8) to base 6
11112
Convert -10010000100010 (base 2) to base 10.
-9250
What is 1103201 (base 4) in base 9?
7288
Convert cb60 (base 13) to base 10.
28301
b2f (base 16) to base 7
11230
What is -1012211 (base 3) in base 8?
-1566
What is -10011111100011110 (base 2) in base 11?
-56418
Convert -2e64 (base 16) to base 5.
-340001
Convert 5697 (base 10) to base 5.
140242
What is -326 (base 9) in base 12?
-1a3
What is -8140 (base 10) in base 2?
-1111111001100
-1234130 (base 5) to base 11
-17282
-313133 (base 4) to base 2
-110111011111
230320 (base 4) to base 8
5470
3cc (base 15) to base 7
2346
-644 (base 15) to base 6
-10314
-22022 (base 3) to base 8
-340
What is 24d (base 16) in base 10?
589
What is 22222 (base 6) in base 15?
dc5
Convert 24652 (base 8) to base 6.
121214
110313 (base 4) to base 5
20320
Convert ba4 (base 15) to base 5.
41004
Convert -12302 (base 4) to base 2.
-110110010
Convert 16ab (base 13) to base 6.
23304
What is -1533 (base 8) in base 3?
-1011211
What is 30 (base 7) in base 3?
210
Convert 215 (base 11) to base 6.
1110
Convert -d3 (base 16) to base 8.
-323
-13123 (base 5) to base 11
-864
What is -1224243 (base 5) in base 2?
-101110010010010
2212211112 (base 3) to base 10
56741
-13d (base 15) to base 11
-238
1719 (base 12) to base 5
42012
Convert -6ab (base 14) to base 13.
-7b1
What is -2612 (base 14) in base 10?
-6680
Convert -142162 (base 7) to base 16.
-6a36
What is -11010111011 (base 2) in base 9?
-2324
What is 23a5 (base 12) in base 13?
1a99
Convert 4410 (base 10) to base 11.
334a
Convert 36c (base 13) to base 11.
4a3
What is 9892 (base 12) in base 15?
4eae
2044 (base 6) to base 16
1cc
Convert -1909 (base 10) to base 11.
-1486
What is b30 (base 13) in base 6?
12442
Convert 178 (base 13) to base 8.
414
What is 1100 (base 4) in base 16?
50
-b04 (base 16) to base 3
-10212110
What is -20001 (base 3) in base 16?
-a3
110341 (base 6) to base 2
10001111110101
What is c586 (base 16) in base 5?
3104231
What is -1650 (base 8) in base 7?
-2505
-12112 (base 3) to base 10
-149
1574 (base 15) to base 5
121414
Convert -2421 (base 5) to base 3.
-111101
-22528 (base 9) to base 12
-882b
-6313 (base 7) to base 4
-202213
-3123222 (base 4) to base 7
-55662
-2112132 (base 4) to base 5
-302010
18c (base 16) to base 12
290
What is 2d8 (base 16) in base 3?
222222
-693 (base 15) to base 16
-5d0
40150 (base 7) to base 12
5734
What is -11110 (base 2) in base 3?
-1010
Convert -12221101 (base 3) to base 6.
-32014
Convert c2a (base 16) to base 14.
11c6
Convert 6225 (base 9) to base 15.
153e
Convert 13a2a (base 11) to base 12.
b604
Convert -502 (base 10) to base 6.
-2154
What is 4687 (base 10) in base 14?
19cb
Convert -19273 (base 10) to base 6.
-225121
Convert 329 (base 12) to base 13.
29a
Convert 133a (base 11) to base 14.
8c1
What is 10111221 (base 3) in base 13?
1222
123210 (base 4) to base 11
1364
What is -c5be (base 15) in base 3?
-2010100022
Convert 2312323 (base 4) to base 9.
17047
-1014 (base 9) to base 14
-3b0
21aa (base 13) to base 15
15d8
Convert 23065 (base 10) to base 14.
8597
200205 (base 7) to base 10
33717
-3d7 (base 15) to base 4
-31231
What is -19 (base 10) in base 11?
-18
Convert 30313 (base 4) to base 7.
2254
-246 (base 8) to base 7
-325
-404020 (base 5) to base 4
-3023102
What is 1a780 (base 13) in base 9?
78065
Convert b88 (base 16) to base 2.
101110001000
ac6 (base 14) to base 16
856
-8271 (base 9) to base 5
-143213
What is -1c8a (base 14) in base 2?
-1010001100010
Convert 11010101 (base 3) to base 14.
114b
-212131 (base 5) to base 8
-15776
-1011111000011 (base 2) to base 9
-8308
What is -4004 (base 8) in base 13?
-c1b
-42830 (base 10) to base 3
-2011202022
13130203 (base 4) to base 9
45747
What is -251 (base 15) in base 5?
-4101
2a971 (base 13) to base 12
3a855
-17834 (base 9) to base 7
-50662
873 (base 11) to base 14
54c
-5479 (base 16) to base 4
-11101321
What is 44453 (base 6) in base 4?
1201101
What is 27a70 (base 12) in base 7?
316422
What is 53201 (base 6) in base 12?
4201
Convert -351 (base 6) to base 15.
-94
Convert 4256 (base 13) to base 12.
53a5
-298 (base 10) to base 9
-361
-2a4 (base 15) to base 11
-4aa
22111 (base 4) to base 11
551
What is -14015 (base 6) in base 13?
-cb0
What is -749 (base 10) in base 2?
-1011101101
Convert -9987 (base 10) to base 11.
-755a
Convert -101001110 (base 2) to base 7.
-655
-12002 (base 5) to base 14
-469
Convert -1023131 (base 4) to base 16.
-12dd
Convert 231c (base 16) to base 10.
8988
346b (base 16) to base 10
13419
Convert 33126 (base 10) to base 4.
20011212
Convert -c1e (base 16) to base 6.
-22210
-1023 (base 7) to base 13
-219
-6088 (base 11) to base 6
-101230
-1688 (base 14) to base 4
-333020
-141546 (base 8) to base 16
-c366
Convert -1132202 (base 4) to base 15.
-1bd5
What is 16430 (base 9) in base 4?
2300112
24be (base 15) to base 2
1111010010101
Convert -73875 (base 9) to base 8.
-137276
2020344 (base 5) to base 7
164020
Convert 20832 (base 11) to base 7.
154203
What is 212220 (base 6) in base 12?
a070
Convert -2332 (base 4) to base 7.
-361
Convert -200020 (base 6) to base 2.
-11110011001100
Convert -aa (base 11) to base 10.
-120
What is -1011 (base 6) in base 15?
-ed
Convert -44300 (base 5) to base 10.
-3075
What is 2001120 (base 3) in base 15?
6a0
What is 1af9 (base 16) in base 15?
20a5
-50514 (base 6) to base 11
-5014
Convert -34062 (base 9) to base 5.
-1211110
-526 (base 10) to base 16
-20e
714 (base 11) to base 15
3c7
What is 213 (base 5) in base 16?
3a
Convert -1332021 (base 4) to base 13.
-38a0
Convert -12655 (base 7) to base 8.
-6535
Convert -89 (base 15) to base 6.
-333
Convert -266a3 (base 11) to base 3.
-122